 the highest common factor of 15 and s.
5
Suppose -5*d - 14 + 74 = 0. Let l be 1/3 - 272/(-48). Calculate the highest common factor of l and d.
6
Suppose -i = -v + 4*i - 8, -3*v + 4*i - 2 = 0. Suppose 0*j = v*j - 32. Calculate the greatest common factor of j and 16.
16
Suppose 2*l + 5 - 1 = 0. Let g be (l/5)/(3/(-30)). Suppose 0 = 3*m - 0*b - 5*b - 247, 5*b - 341 = -g*m. Calculate the greatest common divisor of 14 and m.
14
Suppose -5*h + 13 = x + x, -x + h + 10 = 0. Calculate the greatest common factor of x and 3.
3
Let t(i) = -i**3 - 5*i**2 - 2*i - 4. Let a be t(-5). Let z be 3/((-3)/(-1)) + 1. Let p be z + 2*a - -2. What is the highest common divisor of p and 2?
2
Let r = -3 - -3. Let a be 166/2 + -3 + r. What is the highest common factor of a and 32?
16
Let n be (-5 + 3)/(3/(-48)). Calculate the greatest common factor of n and 8.
8
Suppose 2*a - 3*a - 34 = -2*j, -5*a - 10 = 0. Suppose j = 2*m - 14. What is the greatest common divisor of 3 and m?
3
Let o = 6 + 22. Let x be (-8)/o - 16/(-7). Suppose -b + 2*r = -21, -r = -x*b - 0*r + 30. What is the greatest common factor of 52 and b?
13
Suppose 2*x = 4*v, -10 = -4*x - 2. Let s = 30 - 26. What is the highest common factor of s and v?
1
Let b(f) = -f**2 + 2. Let i be b(2). Let z be 7/i*(-5 - -3). Let t be (-1 - (-75)/(-2))*-2. Calculate the highest common divisor of t and z.
7
Let b(h) = h**2 - 3*h - 2. Let t be b(4). Suppose t*m = -4*w, -2*w + 21 = -2*m + 9. What is the greatest common factor of w and 14?
2
Let b(d) = -30*d - 1. Let u be b(-1). Let a = u + -18. Let w = 20 - a. What is the highest common divisor of 1 and w?
1
Suppose -4*w - 5*h = -182, w - 186 = -3*w - 3*h. What is the greatest common divisor of w and 72?
24
Suppose 0 = 5*l - 72 + 17. What is the greatest common divisor of l and 143?
11
Let f(b) = 9*b - 18. Let s be f(3). Calculate the greatest common factor of s and 279.
9
Suppose -2*p + 0*p = -8. What is the highest common factor of 6 and p?
2
Suppose 5*a + 0*a = 125. Let m be (-15 - -1)*(-2)/(-4). Let r be (1 + 0)*(-2 - m). Calculate the highest common factor of a and r.
5
Let k = -69 - -174. What is the highest common divisor of 15 and k?
15
Suppose -5*j - 3*d + 30 = -4*j, -5*j + d = -166. What is the greatest common factor of 11 and j?
11
Let w be 3/(-18) - (-44)/(-24). Let j be w - (-1*143 - 3). Calculate the greatest common divisor of j and 18.
18
Let b(q) = 13*q - 6. Let p be b(3). Calculate the greatest common factor of p and 22.
11
Let v be ((-4)/(-5))/(2/435). Let q = -84 + v. Calculate the greatest common divisor of 10 and q.
10
Let u = 36 - 24. What is the highest common divisor of u and 60?
12
Suppose -4*n - 3*q + 32 = q, 40 = 2*n - 4*q. What is the highest common divisor of n and 4?
4
Let s = 25 + 5. What is the greatest common divisor of 10 and s?
10
Let s = 181 + -29. Let n be -5*(76/(-10))/2. Calculate the highest common factor of s and n.
19
Suppose 0*g + 36 = 4*j - 3*g, j - g - 9 = 0. Suppose -2*a + 1 + 1 = 0. Let c be (-17 - a)*(-18)/4. Calculate the highest common factor of c and j.
9
Let l = -103 - -285. Calculate the greatest common divisor of l and 26.
26
Let n(k) = k**2 - 6*k + 2. Let x be n(7). Let r = x + 10. Suppose -3*w + 76 - r = 0. Calculate the greatest common divisor of w and 19.
19
Suppose -2*l = -1 - 7. Let b be (-327)/(-18) + l/(-24). Calculate the greatest common factor of 9 and b.
9
Suppose 4*k - 143 = a, 3*a = -2*k - a + 76. Calculate the greatest common divisor of 12 and k.
12
Suppose 16 + 11 = -3*r. Let m be r/((-3)/1) - -36. What is the highest common divisor of m and 26?
13
Suppose -41 = -4*g + 99. Let u be -7*(-1 + -3 + 3). Calculate the greatest common factor of u and g.
7
Let x(l) = 3*l + 6. Let b be x(8). Let j be (-12)/(-4)*(-2 - -3). Let r(p) = 5*p - 5. Let s be r(j). What is the greatest common factor of s and b?
10
Let j(i) = -i - 1. Let w be j(-3). Let b be ((-66)/9)/(w/(-48)). What is the highest common factor of b and 22?
22
Suppose 3*o - 6 = 2*o. Let y be -99*(8/(-6) + 0). Let d = -66 + y. Calculate the greatest common factor of o and d.
6
Suppose n + 847 = 8*n. What is the highest common factor of n and 11?
11
Let t be -90*(3 - (-14)/(-6)). Let b be ((-72)/t)/((-3)/(-70)). Calculate the greatest common divisor of 42 and b.
14
Let m = 3 + -2. Let b be (2 - 1)*m + 0. Let p(t) = -t**2 + 15*t + 7. Let f be p(15). What is the highest common factor of f and b?
1
Let k be 1/1*(0 - 0). Let h = -36 - -54. Suppose k = -5*i + h + 57. What is the greatest common factor of i and 75?
15
Suppose 0 = 4*v - 5*n - 74, 0 = 4*v - v + 3*n - 69. What is the highest common factor of 84 and v?
21
Let p = -17 + 28. Let t be (-704)/(-12)*6/4. Calculate the greatest common factor of t and p.
11
Let o(t) = t**3 + 7*t**2 + 7*t - 2. Let n be o(-6). Suppose 5*y = -11 + 1. Let m be ((-6)/n)/(y/(-144)). Calculate the highest common factor of m and 6.
6
Suppose 7*x - 345 = -37. What is the highest common divisor of 22 and x?
22
Suppose v - 2*v - 340 = -5*s, -2*s + 4*v = -118. Suppose 5*i = -s + 164. What is the highest common factor of 19 and i?
19
Let l(a) = -a**3 - 5*a**2 - 6*a - 6. Let h be l(-4). Suppose -m + 6 = h*m. Let w(n) = 3*n + 2. Let u be w(2). What is the highest common factor of m and u?
2
Let t = 76 - 132. Let m = 88 - t. Suppose 0 = 6*u - 2*u - 64. What is the greatest common factor of m and u?
16
Let q(s) = 6*s - 2. Let z be q(4). Suppose 0 = -2*a + 4 + z. Calculate the greatest common factor of 91 and a.
13
Let x = -18 - -34. Suppose -12 - x = -2*z. Calculate the greatest common factor of 112 and z.
14
Suppose -4*o = -67 + 11. What is the greatest common divisor of o and 154?
14
Let s(x) = -x + 8. Let m be s(-6). Let f be (-3)/(99/308)*(-3)/2. What is the greatest common divisor of f and m?
14
Suppose 2 = 5*c - 8. Suppose -c*w + 3 + 7 = 0. Calculate the highest common factor of 15 and w.
5
Suppose -3*x = w - 2*x - 8, -x + 19 = 2*w. Suppose 3*p = 6 + 27. What is the greatest common divisor of w and p?
11
Let m = 32 - 10. What is the greatest common divisor of m and 11?
11
Suppose 36 = t + 4. What is the highest common factor of t and 64?
32
Suppose 16*n - 11*n = 230. Let x = -33 + n. What is the highest common factor of 65 and x?
13
Let r = 6 - -1. Let g be 2/2*(r + -3). Calculate the highest common divisor of 10 and g.
2
Suppose 3*c = -4*u + 57, 3*u + 2*u - 110 = 4*c. Calculate the greatest common factor of u and 6.
6
Suppose -4*u = 5*l - 295, 0*l + 131 = 2*u - 3*l. What is the greatest common divisor of u and 10?
10
Let k be -12*((-20)/6 + 3). Suppose 0 = k*v - 4. What is the greatest common divisor of v and 9?
1
Suppose 0 = 3*y + y + 2*i - 608, 0 = -4*y + 2*i + 624. Suppose m - y = -2*m - 5*w, -4*m = -4*w - 184. What is the highest common factor of m and 120?
24
Suppose 4*r - 25 = -3*a, -8*r - a + 19 = -4*r. What is the greatest common divisor of 1 and r?
1
Let d be -3 - 0 - (-5 - 53). What is the highest common factor of 22 and d?
11
Let v(z) = -z + 21. Let w be v(-12). Calculate the greatest common divisor of w and 33.
33
Suppose 0 = -2*n - 4*g - 2 - 2, -3*g - 12 = 0. What is the greatest common factor of n and 8?
2
Suppose 30 = -3*d - 3*q - q, -5*q + 15 = -5*d. Let g(n) = -n**3 - 3*n**2 + 2*n + 8. Let i be g(d). Calculate the greatest common factor of 13 and i.
13
Let a(h) = -h**2 - 11*h + 21. Let f be a(-12). What is the greatest common divisor of 9 and f?
9
Let l(b) = -b**2 + 18*b + 5. Suppose -2*t = -4 - 12. Let y be l(t). Suppose s - 4 - 13 = 0. What is the highest common divisor of s and y?
17
Let f(h) = 2*h**2 - 3*h - 1. Let d be f(4). Calculate the highest common divisor of d and 152.
19
Suppose q - 9*q = -200. Let u(o) = o**3 - 3*o**2 + 2*o - 1. Let s be u(3). What is the highest common divisor of s and q?
5
Suppose d - 10 = 4*k, -7*k + 2*k = d - 10. Let l = -36 + 38. What is the highest common divisor of d and l?
2
Suppose 3*p + 94 = 289. Let l = 29 - 16. What is the highest common divisor of p and l?
13
Suppose -4*u - 2*x = 2*x - 40, 18 = 3*u - 3*x. Calculate the greatest common divisor of 64 and u.
8
Let i(z) = -z**2 - z - 3. Let m be i(0). Let g be (-229)/(-3) + m/9. Let x be 4/(-18) - g/(-18). Calculate the highest common divisor of x and 44.
4
Suppose -5*t - 5*y + 90 = 0, 2*t - 4*y + y = 26. What is the greatest 